{"id":145,"date":"2018-11-12T18:13:09","date_gmt":"2018-11-12T18:13:09","guid":{"rendered":"http:\/\/www.wsaconsultoriadigital.com.br\/virtual\/?post_type=product&#038;p=145"},"modified":"2023-05-19T15:22:55","modified_gmt":"2023-05-19T15:22:55","slug":"criacao-de-imagem-para-redes-sociais","status":"publish","type":"product","link":"https:\/\/www.wsaconsultoriadigital.com.br\/virtual\/produto\/criacao-de-imagem-para-redes-sociais\/","title":{"rendered":"CRIA\u00c7\u00c3O DE IMAGEM PARA REDES SOCIAIS"},"content":{"rendered":"<p><em><strong>O que est\u00e1\u00a0<\/strong><\/em><b><i>inclu\u00eddo:<\/i><\/b><\/p>\n<ul>\n<li>Artes gr\u00e1ficas seguindo a identidade visual da sua marca e tend\u00eancias de design do mercado.<\/li>\n<li>O n\u00famero de imagens \u00e9 defina por voc\u00ea ao contratar este pacote.<\/li>\n<li>Arquivo de imagem no formato \u201c.png\u201d, mais indicado para o Facebook. Resolu\u00e7\u00e3o compat\u00edvel com computador e dispositivos m\u00f3veis.<\/li>\n<li>Para cada imagem criamos dois tamanhos, assim voc\u00ea pode optar pela forma de publicar: a partir de um link (imagem menor) ou sem link na imagem (imagem maior). A arte ser\u00e1 a mesma, com as devidas adapta\u00e7\u00f5es de propor\u00e7\u00e3o.<\/li>\n<li>Utilizamos banco de imagem devidamente licenciado com direitos autorais. Caso nos forne\u00e7a imagens de produtos ou algum outro tipo para complementar a campanha, as mesmas devem ser de propriedade ou autoria da sua empresa.<\/li>\n<li>Nunca utilize imagens copiadas de outros sites ou de buscadores, trata-se de uma a\u00e7\u00e3o ilegal que facilmente pode ser detectada e render um processo judicial por c\u00f3pia e reprodu\u00e7\u00e3o sem direitos autorais.<\/li>\n<\/ul>\n<!-- AddThis Advanced Settings generic via filter on the_content --><!-- AddThis Share Buttons generic via filter on the_content -->","protected":false},"excerpt":{"rendered":"<p>Fortale\u00e7a sua marca, conquiste clientes e venda mais nas redes sociais. Cria\u00e7\u00e3o de imagens profissionais para encantar e engajar seus clientes na rede social.<\/p>\n<p><b>Papel \/ Material:\u00a0<\/b>n\u00e3o se aplica<br \/>\n<b>Cores:\u00a0<\/b>n\u00e3o se aplica<br \/>\n<b>Tamanho final:\u00a0<\/b>n\u00e3o se aplica<br \/>\n<b>Tamanho com Sangria:\u00a0<\/b>n\u00e3o se aplica<br \/>\n<b>Prazo de produ\u00e7\u00e3o estimado:\u00a0<\/b><em>10 dias + seu tempo + ajustes<\/em><\/p>\n<div class=\"txtMaisDetal\"><strong>MAIS INFORMA\u00c7\u00d5ES:<br \/>\n<\/strong>Envie um e-mail para <a href=\"mailto:orcamento@wsaconsultoriadigital.com.br\">orcamento@wsaconsultoriadigital.com.br<\/a><\/div>\n<div class=\"txtMaisDetal\">\n<p>Para cria\u00e7\u00f5es mais complexas <em><strong>SOLICITAR<\/strong>\u00a0<strong>OR\u00c7AMENTO<\/strong><\/em>\u00a0via\u00a0<a href=\"https:\/\/api.whatsapp.com\/send?l=pt_BR&amp;phone=55021993813195\" target=\"_blank\" rel=\"noopener noreferrer\">WhatsApp<\/a>.<\/p>\n<\/div>\n<div>\n<hr \/>\n<\/div>\n<div><strong><span style=\"color: #ff0000;\">OBSERVA\u00c7\u00c3O<\/span><\/strong><\/div>\n<div><strong>Pacote v\u00e1lido\u00a0 por 30 dias corridos.<\/strong><br \/>\n<strong>Cr\u00e9ditos N\u00e3o acumulativo.<\/strong><\/div>\n<p><!-- AddThis Advanced Settings generic via filter on get_the_excerpt --><!-- AddThis Share Buttons generic via filter on get_the_excerpt --><\/p>\n","protected":false},"featured_media":7052,"comment_status":"open","ping_status":"closed","template":"","meta":[],"product_brand":[],"product_cat":[41,134],"product_tag":[60,51,72,47,125,73,127,98,97],"class_list":{"0":"post-145","1":"product","2":"type-product","3":"status-publish","4":"has-post-thumbnail","6":"product_cat-marketing-digital","7":"product_cat-pacote-combo-digital","8":"product_tag-criacao-arte-redes-sociais","9":"product_tag-criacao-de-marca","10":"product_tag-gestao-social","11":"product_tag-marketing-de-conteudo","12":"product_tag-online","13":"product_tag-redes-sociais","14":"product_tag-sustentavel","15":"product_tag-web","16":"product_tag-www","17":"pa_pacote-artes-redes-sociais-ate-02-artes","18":"pa_pacote-artes-redes-sociais-ate-05-artes","19":"pa_pacote-artes-redes-sociais-ate-08-artes","20":"pa_pacote-artes-redes-sociais-ate-10-artes","21":"pa_pacote-artes-redes-sociais-ate-20-artes","22":"post","24":"first","25":"instock","26":"sale","27":"shipping-taxable","28":"purchasable","29":"product-type-variable"},"yoast_head":"<!-- This site is optimized with the Yoast SEO plugin v27.3 - https:\/\/yoast.com\/product\/yoast-seo-wordpress\/ -->\n<title>CRIA\u00c7\u00c3O DE IMAGEM PARA REDES SOCIAIS - Wsa Consultoria em Marketing Digital<\/title>\n<meta name=\"robots\" content=\"index, follow, max-snippet:-1, max-image-preview:large, max-video-preview:-1\" \/>\n<link rel=\"canonical\" href=\"https:\/\/www.wsaconsultoriadigital.com.br\/virtual\/produto\/criacao-de-imagem-para-redes-sociais\/\" \/>\n<meta property=\"og:locale\" content=\"pt_BR\" \/>\n<meta property=\"og:type\" content=\"article\" \/>\n<meta property=\"og:title\" content=\"CRIA\u00c7\u00c3O DE IMAGEM PARA REDES SOCIAIS - Wsa Consultoria em Marketing Digital\" \/>\n<meta property=\"og:description\" content=\"Fortale\u00e7a sua marca, conquiste clientes e venda mais nas redes sociais. Cria\u00e7\u00e3o de imagens profissionais para encantar e engajar seus clientes na rede social.  Papel \/ Material:\u00a0n\u00e3o se aplica Cores:\u00a0n\u00e3o se aplica Tamanho final:\u00a0n\u00e3o se aplica Tamanho com Sangria:\u00a0n\u00e3o se aplica Prazo de produ\u00e7\u00e3o estimado:\u00a010 dias + seu tempo + ajustes MAIS INFORMA\u00c7\u00d5ES: Envie um e-mail para orcamento@wsaconsultoriadigital.com.br   Para cria\u00e7\u00f5es mais complexas SOLICITAR\u00a0OR\u00c7AMENTO\u00a0via\u00a0WhatsApp.        OBSERVA\u00c7\u00c3O Pacote v\u00e1lido\u00a0 por 30 dias corridos. Cr\u00e9ditos N\u00e3o acumulativo.\" \/>\n<meta property=\"og:url\" content=\"https:\/\/www.wsaconsultoriadigital.com.br\/virtual\/produto\/criacao-de-imagem-para-redes-sociais\/\" \/>\n<meta property=\"og:site_name\" content=\"Wsa Consultoria em Marketing Digital\" \/>\n<meta property=\"article:publisher\" content=\"https:\/\/facebook.com\/wsaconsultoria\" \/>\n<meta property=\"article:modified_time\" content=\"2023-05-19T15:22:55+00:00\" \/>\n<meta property=\"og:image\" content=\"https:\/\/www.wsaconsultoriadigital.com.br\/virtual\/wp-content\/uploads\/2018\/11\/wsa_consultoria_marketing_digital-pacote_arte-rede-social.jpg\" \/>\n\t<meta property=\"og:image:width\" content=\"900\" \/>\n\t<meta property=\"og:image:height\" content=\"900\" \/>\n\t<meta property=\"og:image:type\" content=\"image\/jpeg\" \/>\n<meta name=\"twitter:card\" content=\"summary_large_image\" \/>\n<meta name=\"twitter:site\" content=\"@wsa_consultoria\" \/>\n<meta name=\"twitter:label1\" content=\"Est. tempo de leitura\" \/>\n\t<meta name=\"twitter:data1\" content=\"1 minuto\" \/>\n<script type=\"application\/ld+json\" class=\"yoast-schema-graph\">{\"@context\":\"https:\\\/\\\/schema.org\",\"@graph\":[{\"@type\":\"WebPage\",\"@id\":\"https:\\\/\\\/www.wsaconsultoriadigital.com.br\\\/virtual\\\/produto\\\/criacao-de-imagem-para-redes-sociais\\\/\",\"url\":\"https:\\\/\\\/www.wsaconsultoriadigital.com.br\\\/virtual\\\/produto\\\/criacao-de-imagem-para-redes-sociais\\\/\",\"name\":\"CRIA\u00c7\u00c3O DE IMAGEM PARA REDES SOCIAIS - Wsa Consultoria em Marketing Digital\",\"isPartOf\":{\"@id\":\"https:\\\/\\\/www.wsaconsultoriadigital.com.br\\\/virtual\\\/#website\"},\"primaryImageOfPage\":{\"@id\":\"https:\\\/\\\/www.wsaconsultoriadigital.com.br\\\/virtual\\\/produto\\\/criacao-de-imagem-para-redes-sociais\\\/#primaryimage\"},\"image\":{\"@id\":\"https:\\\/\\\/www.wsaconsultoriadigital.com.br\\\/virtual\\\/produto\\\/criacao-de-imagem-para-redes-sociais\\\/#primaryimage\"},\"thumbnailUrl\":\"https:\\\/\\\/www.wsaconsultoriadigital.com.br\\\/virtual\\\/wp-content\\\/uploads\\\/2018\\\/11\\\/wsa_consultoria_marketing_digital-pacote_arte-rede-social.jpg\",\"datePublished\":\"2018-11-12T18:13:09+00:00\",\"dateModified\":\"2023-05-19T15:22:55+00:00\",\"breadcrumb\":{\"@id\":\"https:\\\/\\\/www.wsaconsultoriadigital.com.br\\\/virtual\\\/produto\\\/criacao-de-imagem-para-redes-sociais\\\/#breadcrumb\"},\"inLanguage\":\"pt-BR\",\"potentialAction\":[{\"@type\":\"ReadAction\",\"target\":[\"https:\\\/\\\/www.wsaconsultoriadigital.com.br\\\/virtual\\\/produto\\\/criacao-de-imagem-para-redes-sociais\\\/\"]}]},{\"@type\":\"ImageObject\",\"inLanguage\":\"pt-BR\",\"@id\":\"https:\\\/\\\/www.wsaconsultoriadigital.com.br\\\/virtual\\\/produto\\\/criacao-de-imagem-para-redes-sociais\\\/#primaryimage\",\"url\":\"https:\\\/\\\/www.wsaconsultoriadigital.com.br\\\/virtual\\\/wp-content\\\/uploads\\\/2018\\\/11\\\/wsa_consultoria_marketing_digital-pacote_arte-rede-social.jpg\",\"contentUrl\":\"https:\\\/\\\/www.wsaconsultoriadigital.com.br\\\/virtual\\\/wp-content\\\/uploads\\\/2018\\\/11\\\/wsa_consultoria_marketing_digital-pacote_arte-rede-social.jpg\",\"width\":900,\"height\":900},{\"@type\":\"BreadcrumbList\",\"@id\":\"https:\\\/\\\/www.wsaconsultoriadigital.com.br\\\/virtual\\\/produto\\\/criacao-de-imagem-para-redes-sociais\\\/#breadcrumb\",\"itemListElement\":[{\"@type\":\"ListItem\",\"position\":1,\"name\":\"In\u00edcio\",\"item\":\"https:\\\/\\\/www.wsaconsultoriadigital.com.br\\\/virtual\\\/\"},{\"@type\":\"ListItem\",\"position\":2,\"name\":\"Loja\",\"item\":\"https:\\\/\\\/www.wsaconsultoriadigital.com.br\\\/virtual\\\/loja\\\/\"},{\"@type\":\"ListItem\",\"position\":3,\"name\":\"CRIA\u00c7\u00c3O DE IMAGEM PARA REDES SOCIAIS\"}]},{\"@type\":\"WebSite\",\"@id\":\"https:\\\/\\\/www.wsaconsultoriadigital.com.br\\\/virtual\\\/#website\",\"url\":\"https:\\\/\\\/www.wsaconsultoriadigital.com.br\\\/virtual\\\/\",\"name\":\"Wsa Consultoria em Marketing Digital\",\"description\":\"Ag\u00eancia de Marketing Digital no Rio de Janeiro - RJ - Online\",\"publisher\":{\"@id\":\"https:\\\/\\\/www.wsaconsultoriadigital.com.br\\\/virtual\\\/#organization\"},\"potentialAction\":[{\"@type\":\"SearchAction\",\"target\":{\"@type\":\"EntryPoint\",\"urlTemplate\":\"https:\\\/\\\/www.wsaconsultoriadigital.com.br\\\/virtual\\\/?s={search_term_string}\"},\"query-input\":{\"@type\":\"PropertyValueSpecification\",\"valueRequired\":true,\"valueName\":\"search_term_string\"}}],\"inLanguage\":\"pt-BR\"},{\"@type\":\"Organization\",\"@id\":\"https:\\\/\\\/www.wsaconsultoriadigital.com.br\\\/virtual\\\/#organization\",\"name\":\"Wsa Consultoria em Marketing Digital \\\/ RJ\",\"url\":\"https:\\\/\\\/www.wsaconsultoriadigital.com.br\\\/virtual\\\/\",\"logo\":{\"@type\":\"ImageObject\",\"inLanguage\":\"pt-BR\",\"@id\":\"https:\\\/\\\/www.wsaconsultoriadigital.com.br\\\/virtual\\\/#\\\/schema\\\/logo\\\/image\\\/\",\"url\":\"https:\\\/\\\/www.wsaconsultoriadigital.com.br\\\/virtual\\\/wp-content\\\/uploads\\\/2018\\\/11\\\/wsa_consultoria-logo.png\",\"contentUrl\":\"https:\\\/\\\/www.wsaconsultoriadigital.com.br\\\/virtual\\\/wp-content\\\/uploads\\\/2018\\\/11\\\/wsa_consultoria-logo.png\",\"width\":440,\"height\":214,\"caption\":\"Wsa Consultoria em Marketing Digital \\\/ RJ\"},\"image\":{\"@id\":\"https:\\\/\\\/www.wsaconsultoriadigital.com.br\\\/virtual\\\/#\\\/schema\\\/logo\\\/image\\\/\"},\"sameAs\":[\"https:\\\/\\\/facebook.com\\\/wsaconsultoria\",\"https:\\\/\\\/x.com\\\/wsa_consultoria\",\"https:\\\/\\\/www.instagram.com\\\/wsa_consultoria\\\/\",\"https:\\\/\\\/www.linkedin.com\\\/in\\\/wsa-consultoria-em-marketing-digital-2842a8141\\\/\",\"https:\\\/\\\/br.pinterest.com\\\/wsaconsultoria\\\/\"]}]}<\/script>\n<!-- \/ Yoast SEO plugin. -->","yoast_head_json":{"title":"CRIA\u00c7\u00c3O DE IMAGEM PARA REDES SOCIAIS - Wsa Consultoria em Marketing Digital","robots":{"index":"index","follow":"follow","max-snippet":"max-snippet:-1","max-image-preview":"max-image-preview:large","max-video-preview":"max-video-preview:-1"},"canonical":"https:\/\/www.wsaconsultoriadigital.com.br\/virtual\/produto\/criacao-de-imagem-para-redes-sociais\/","og_locale":"pt_BR","og_type":"article","og_title":"CRIA\u00c7\u00c3O DE IMAGEM PARA REDES SOCIAIS - Wsa Consultoria em Marketing Digital","og_description":"Fortale\u00e7a sua marca, conquiste clientes e venda mais nas redes sociais. Cria\u00e7\u00e3o de imagens profissionais para encantar e engajar seus clientes na rede social.  Papel \/ Material:\u00a0n\u00e3o se aplica Cores:\u00a0n\u00e3o se aplica Tamanho final:\u00a0n\u00e3o se aplica Tamanho com Sangria:\u00a0n\u00e3o se aplica Prazo de produ\u00e7\u00e3o estimado:\u00a010 dias + seu tempo + ajustes MAIS INFORMA\u00c7\u00d5ES: Envie um e-mail para orcamento@wsaconsultoriadigital.com.br   Para cria\u00e7\u00f5es mais complexas SOLICITAR\u00a0OR\u00c7AMENTO\u00a0via\u00a0WhatsApp.        OBSERVA\u00c7\u00c3O Pacote v\u00e1lido\u00a0 por 30 dias corridos. Cr\u00e9ditos N\u00e3o acumulativo.","og_url":"https:\/\/www.wsaconsultoriadigital.com.br\/virtual\/produto\/criacao-de-imagem-para-redes-sociais\/","og_site_name":"Wsa Consultoria em Marketing Digital","article_publisher":"https:\/\/facebook.com\/wsaconsultoria","article_modified_time":"2023-05-19T15:22:55+00:00","og_image":[{"width":900,"height":900,"url":"https:\/\/www.wsaconsultoriadigital.com.br\/virtual\/wp-content\/uploads\/2018\/11\/wsa_consultoria_marketing_digital-pacote_arte-rede-social.jpg","type":"image\/jpeg"}],"twitter_card":"summary_large_image","twitter_site":"@wsa_consultoria","twitter_misc":{"Est. tempo de leitura":"1 minuto"},"schema":{"@context":"https:\/\/schema.org","@graph":[{"@type":"WebPage","@id":"https:\/\/www.wsaconsultoriadigital.com.br\/virtual\/produto\/criacao-de-imagem-para-redes-sociais\/","url":"https:\/\/www.wsaconsultoriadigital.com.br\/virtual\/produto\/criacao-de-imagem-para-redes-sociais\/","name":"CRIA\u00c7\u00c3O DE IMAGEM PARA REDES SOCIAIS - Wsa Consultoria em Marketing Digital","isPartOf":{"@id":"https:\/\/www.wsaconsultoriadigital.com.br\/virtual\/#website"},"primaryImageOfPage":{"@id":"https:\/\/www.wsaconsultoriadigital.com.br\/virtual\/produto\/criacao-de-imagem-para-redes-sociais\/#primaryimage"},"image":{"@id":"https:\/\/www.wsaconsultoriadigital.com.br\/virtual\/produto\/criacao-de-imagem-para-redes-sociais\/#primaryimage"},"thumbnailUrl":"https:\/\/www.wsaconsultoriadigital.com.br\/virtual\/wp-content\/uploads\/2018\/11\/wsa_consultoria_marketing_digital-pacote_arte-rede-social.jpg","datePublished":"2018-11-12T18:13:09+00:00","dateModified":"2023-05-19T15:22:55+00:00","breadcrumb":{"@id":"https:\/\/www.wsaconsultoriadigital.com.br\/virtual\/produto\/criacao-de-imagem-para-redes-sociais\/#breadcrumb"},"inLanguage":"pt-BR","potentialAction":[{"@type":"ReadAction","target":["https:\/\/www.wsaconsultoriadigital.com.br\/virtual\/produto\/criacao-de-imagem-para-redes-sociais\/"]}]},{"@type":"ImageObject","inLanguage":"pt-BR","@id":"https:\/\/www.wsaconsultoriadigital.com.br\/virtual\/produto\/criacao-de-imagem-para-redes-sociais\/#primaryimage","url":"https:\/\/www.wsaconsultoriadigital.com.br\/virtual\/wp-content\/uploads\/2018\/11\/wsa_consultoria_marketing_digital-pacote_arte-rede-social.jpg","contentUrl":"https:\/\/www.wsaconsultoriadigital.com.br\/virtual\/wp-content\/uploads\/2018\/11\/wsa_consultoria_marketing_digital-pacote_arte-rede-social.jpg","width":900,"height":900},{"@type":"BreadcrumbList","@id":"https:\/\/www.wsaconsultoriadigital.com.br\/virtual\/produto\/criacao-de-imagem-para-redes-sociais\/#breadcrumb","itemListElement":[{"@type":"ListItem","position":1,"name":"In\u00edcio","item":"https:\/\/www.wsaconsultoriadigital.com.br\/virtual\/"},{"@type":"ListItem","position":2,"name":"Loja","item":"https:\/\/www.wsaconsultoriadigital.com.br\/virtual\/loja\/"},{"@type":"ListItem","position":3,"name":"CRIA\u00c7\u00c3O DE IMAGEM PARA REDES SOCIAIS"}]},{"@type":"WebSite","@id":"https:\/\/www.wsaconsultoriadigital.com.br\/virtual\/#website","url":"https:\/\/www.wsaconsultoriadigital.com.br\/virtual\/","name":"Wsa Consultoria em Marketing Digital","description":"Ag\u00eancia de Marketing Digital no Rio de Janeiro - RJ - Online","publisher":{"@id":"https:\/\/www.wsaconsultoriadigital.com.br\/virtual\/#organization"},"potentialAction":[{"@type":"SearchAction","target":{"@type":"EntryPoint","urlTemplate":"https:\/\/www.wsaconsultoriadigital.com.br\/virtual\/?s={search_term_string}"},"query-input":{"@type":"PropertyValueSpecification","valueRequired":true,"valueName":"search_term_string"}}],"inLanguage":"pt-BR"},{"@type":"Organization","@id":"https:\/\/www.wsaconsultoriadigital.com.br\/virtual\/#organization","name":"Wsa Consultoria em Marketing Digital \/ RJ","url":"https:\/\/www.wsaconsultoriadigital.com.br\/virtual\/","logo":{"@type":"ImageObject","inLanguage":"pt-BR","@id":"https:\/\/www.wsaconsultoriadigital.com.br\/virtual\/#\/schema\/logo\/image\/","url":"https:\/\/www.wsaconsultoriadigital.com.br\/virtual\/wp-content\/uploads\/2018\/11\/wsa_consultoria-logo.png","contentUrl":"https:\/\/www.wsaconsultoriadigital.com.br\/virtual\/wp-content\/uploads\/2018\/11\/wsa_consultoria-logo.png","width":440,"height":214,"caption":"Wsa Consultoria em Marketing Digital \/ RJ"},"image":{"@id":"https:\/\/www.wsaconsultoriadigital.com.br\/virtual\/#\/schema\/logo\/image\/"},"sameAs":["https:\/\/facebook.com\/wsaconsultoria","https:\/\/x.com\/wsa_consultoria","https:\/\/www.instagram.com\/wsa_consultoria\/","https:\/\/www.linkedin.com\/in\/wsa-consultoria-em-marketing-digital-2842a8141\/","https:\/\/br.pinterest.com\/wsaconsultoria\/"]}]}},"_links":{"self":[{"href":"https:\/\/www.wsaconsultoriadigital.com.br\/virtual\/wp-json\/wp\/v2\/product\/145","targetHints":{"allow":["GET"]}}],"collection":[{"href":"https:\/\/www.wsaconsultoriadigital.com.br\/virtual\/wp-json\/wp\/v2\/product"}],"about":[{"href":"https:\/\/www.wsaconsultoriadigital.com.br\/virtual\/wp-json\/wp\/v2\/types\/product"}],"replies":[{"embeddable":true,"href":"https:\/\/www.wsaconsultoriadigital.com.br\/virtual\/wp-json\/wp\/v2\/comments?post=145"}],"version-history":[{"count":12,"href":"https:\/\/www.wsaconsultoriadigital.com.br\/virtual\/wp-json\/wp\/v2\/product\/145\/revisions"}],"predecessor-version":[{"id":6587,"href":"https:\/\/www.wsaconsultoriadigital.com.br\/virtual\/wp-json\/wp\/v2\/product\/145\/revisions\/6587"}],"wp:featuredmedia":[{"embeddable":true,"href":"https:\/\/www.wsaconsultoriadigital.com.br\/virtual\/wp-json\/wp\/v2\/media\/7052"}],"wp:attachment":[{"href":"https:\/\/www.wsaconsultoriadigital.com.br\/virtual\/wp-json\/wp\/v2\/media?parent=145"}],"wp:term":[{"taxonomy":"product_brand","embeddable":true,"href":"https:\/\/www.wsaconsultoriadigital.com.br\/virtual\/wp-json\/wp\/v2\/product_brand?post=145"},{"taxonomy":"product_cat","embeddable":true,"href":"https:\/\/www.wsaconsultoriadigital.com.br\/virtual\/wp-json\/wp\/v2\/product_cat?post=145"},{"taxonomy":"product_tag","embeddable":true,"href":"https:\/\/www.wsaconsultoriadigital.com.br\/virtual\/wp-json\/wp\/v2\/product_tag?post=145"}],"curies":[{"name":"wp","href":"https:\/\/api.w.org\/{rel}","templated":true}]}}